{"id":367,"date":"2022-02-06T15:01:18","date_gmt":"2022-02-06T14:01:18","guid":{"rendered":"http:\/\/farlav.com\/?page_id=367"},"modified":"2022-02-06T15:01:19","modified_gmt":"2022-02-06T14:01:19","slug":"cookie","status":"publish","type":"page","link":"https:\/\/farlav.com\/?page_id=367","title":{"rendered":"Cookie"},"content":{"rendered":"<p><strong>Definizioni, caratteristiche e applicazione della normativa<\/strong><\/p><p>I cookie sono piccoli file di testo che i siti visitati dall\u2019utente inviano e registrano sul suo computer o dispositivo mobile, per essere poi ritrasmessi agli stessi siti alla successiva visita. Proprio grazie ai cookie un sito ricorda le azioni e preferenze dell\u2019utente (come, ad esempio, i dati di login, la lingua prescelta, le dimensioni dei caratteri, altre impostazioni di visualizzazione, ecc.) in modo che non debbano essere indicate nuovamente quando l\u2019utente torni a visitare detto sito o navighi da una pagina all\u2019altra di esso. I cookie, quindi, sono usati per eseguire autenticazioni informatiche, monitoraggio di sessioni e memorizzazione di informazioni riguardanti le attivit\u00e0 degli utenti che accedono ad un sito e possono contenere anche un codice identificativo unico che consente di tenere traccia della navigazione dell\u2019utente all\u2019interno del sito stesso per finalit\u00e0 statistiche o pubblicitarie. Nel corso della navigazione su un sito, l\u2019utente pu\u00f2 ricevere sul suo computer anche cookie di siti o di web server diversi da quello che sta visitando (c.d. cookie di \u201cterze parti\u201d). Alcune operazioni non potrebbero essere compiute senza l\u2019uso dei cookie, che in certi casi sono quindi tecnicamente necessari per lo stesso funzionamento del sito.<\/p><p>Esistono vari tipi di cookie, a seconda delle loro caratteristiche e funzioni, e questi possono rimanere nel computer dell\u2019utente per periodi di tempo diversi: c.d. cookie di sessione, che viene automaticamente cancellato alla chiusura del browser; c.d. cookie persistenti, che permangono sull\u2019apparecchiatura dell\u2019utente fino ad una scadenza prestabilita.<\/p><p>In base alla normativa vigente in Italia, per l\u2019utilizzo dei cookie non sempre \u00e8 richiesto un espresso consenso dell\u2019utente. In particolare, non richiedono tale consenso i \u201ccookie tecnici\u201d, cio\u00e8 quelli utilizzati al solo fine di effettuare la trasmissione di una comunicazione su una rete di comunicazione elettronica, o nella misura strettamente necessaria per erogare un servizio esplicitamente richiesto dall\u2019utente. Si tratta, in altre parole, di cookie indispensabili per il funzionamento del Sito o necessari per eseguire attivit\u00e0 richieste dall\u2019utente.<\/p><p>Tra i cookie tecnici, che non richiedono un consenso espresso per il loro utilizzo, il Garante per la protezione dei dati personali italiano (cfr. Provvedimento&nbsp;Individuazione delle modalit\u00e0 semplificate per l\u2019informativa e l\u2019acquisizione del consenso per l\u2019uso dei cookie&nbsp;dell\u20198 maggio 2014 e successivi chiarimenti, di seguito solo \u201c<a href=\"http:\/\/www.garanteprivacy.it\/web\/guest\/home\/docweb\/-\/docweb-display\/docweb\/3118884\">Provvedimento<\/a>\u201c) ricomprende anche:<\/p><ul class=\"wp-block-list\"><li>i&nbsp;\u201ccookie analytics\u201d&nbsp;laddove utilizzati direttamente dal gestore del sito per raccogliere informazioni, in forma aggregata, sul numero degli utenti e su come questi visitano il sito stesso,<br>\u00b7&nbsp;i cookie di navigazione o di sessione&nbsp;(per autenticarsi),<br>\u00b7&nbsp;i cookie di funzionalit\u00e0, che permettono all\u2019utente la navigazione in funzione di una serie di criteri selezionati (ad esempio, la lingua, i prodotti selezionati per l\u2019acquisto) al fine di migliorare il servizio reso allo stesso.<\/li><\/ul><p>Per i \u201ccookie di profilazione\u201d, viceversa, cio\u00e8 quelli volti a creare profili relativi all\u2019utente e utilizzati al fine di inviare messaggi pubblicitari in linea con le preferenze manifestate dallo stesso nell\u2019ambito della navigazione in rete, \u00e8 richiesto un preventivo consenso dell\u2019utente.<\/p><p><strong>Tipologie di cookie utilizzate dal Sito<\/strong><\/p><p>Il Sito utilizza i seguenti cookie che possono essere de-selezionati, salvo che per i cookie di terze parti per i quali dovr\u00e0 fare riferimento direttamente alle relative modalit\u00e0 di selezione e de-selezione dei rispettivi cookie, indicate a mezzo di link:<\/p><ul class=\"wp-block-list\"><li>Cookie tecnici di navigazione o sessione e strettamente necessari per il funzionamento del Sito o per consentirle di usufruire dei contenuti e dei servizi richiesti.<br>\u00b7 Cookie di funzionalit\u00e0, cio\u00e8 utilizzati per attivare specifiche funzionalit\u00e0 del Sito e una serie di criteri selezionati (ad esempio, la lingua) al fine di migliorare il servizio reso.<br>\u00b7 Cookie tecnici-analytics, che consentono di comprendere come il Sito viene utilizzato dagli dato personale. Le informazioni sono trattate in forma aggregata e anonima.<\/li><\/ul><p>ATTENZIONE: disabilitando i cookie tecnici e\/o di funzionalit\u00e0 il Sito potrebbe risultare non consultabile o alcuni servizi o determinate funzioni del Sito potrebbero risultare non disponibili o non funzionare correttamente e potresti essere costretto a modificare o a inserire manualmente alcune informazioni o preferenze ogni volta che visiter\u00e0 il Sito.<\/p><ul class=\"wp-block-list\"><li>Cookie di terze parti, cio\u00e8 cookie di siti o di web server diversi da quello di Hel\u00e0 utilizzati per finalit\u00e0 proprie di dette parti terze. Si precisa che tali soggetti terzi, di seguito elencati con i relativi collegamenti alle politiche sulla privacy, sono tipicamente autonomi titolari del trattamento dei dati raccolti attraverso i cookie da essi serviti; pertanto, dovr\u00e0 fare riferimento alle loro politiche di trattamento di Dati Personali, informative e moduli di consenso (selezione e de-selezione dei rispettivi cookie), indicati al seguente link (come precisato nel Provvedimento Generale Individuazione delle modalit\u00e0 semplificate per l\u2019informativa e l\u2019acquisizione del consenso per l\u2019uso dei cookie \u2013 8 maggio 2014):<\/li><\/ul><p>\u2013&nbsp;<a href=\"https:\/\/policies.google.com\/privacy?hl=it&amp;gl=it\">Google<\/a><\/p><p>\u2013&nbsp;<a href=\"https:\/\/policies.google.com\/privacy?hl=it&amp;gl=it\">Audiens Privacy Policy<\/a><\/p><p>\u2013&nbsp;<a href=\"https:\/\/www.audiens.com\/opt-out\">Audiens Optout<\/a><\/p><p>\u2013&nbsp;<a href=\"https:\/\/tools.google.com\/dlpage\/gaoptout\">Google Analytics<\/a><\/p><p><strong>Impostazioni relative ai cookie<\/strong><\/p><p>Pu\u00f2 bloccare o cancellare (in tutto o in parte) i cookie tecnici e di funzionalit\u00e0 attraverso le specifiche funzioni del suo Browser. La informiamo tuttavia che non autorizzare i cookie tecnici potrebbe comportare l\u2019impossibilit\u00e0 di utilizzare il Sito, visionarne i contenuti ed usufruire dei relativi servizi. Inibire i cookie di funzionalit\u00e0 potrebbe comportare che alcuni servizi o determinate funzioni del Sito non siano disponibili o non funzionino correttamente e potresti essere costretto a modificare o a inserire manualmente alcune informazioni o preferenze ogni volta che visiter\u00e0 il Sito.<\/p><p>Le scelte operate in riferimento ai cookie del Sito saranno a loro volta registrate in un apposito cookie. Tale cookie potrebbe, tuttavia, in alcune circostanze non funzionare correttamente: in tali casi, le consigliamo di cancellare i cookie non graditi e di inibirne l\u2019utilizzo anche attraverso le funzionalit\u00e0 dei suoi Browser.<\/p><p>Le sue preferenze in riferimento ai cookie andranno reimpostate nel caso in cui utilizzi diversi dispositivi o Browser per accedere al Sito.<\/p><p><strong>Come visualizzare e modificare i cookie attraverso il Browser<\/strong><\/p><p>Pu\u00f2 autorizzare, bloccare o cancellare (in tutto o in parte) i cookie attraverso le specifiche funzioni del suo Browser. Per avere maggiori informazioni su come impostare le preferenze sull\u2019uso dei cookie attraverso il Browser, \u00e8 possibile consultare le relative istruzioni:<\/p><ul class=\"wp-block-list\"><li><a href=\"http:\/\/windows.microsoft.com\/it-it\/windows-vista\/block-or-allow-cookies\">Internet Explorer<\/a><\/li><li><a href=\"https:\/\/support.mozilla.org\/it\/kb\/Attivare%20e%20disattivare%20i%20cookie\">Firefox<\/a><\/li><li><a href=\"https:\/\/support.google.com\/chrome\/answer\/95647?hl=it&amp;topic=14666&amp;ctx=topic\">Chrome<\/a><\/li><li><a href=\"https:\/\/support.apple.com\/kb\/ph21411?locale=it_IT\">Safari<\/a><\/li><\/ul><p>Per ulteriori dettagli sul Titolare del trattamento, sul Responsabile della protezione dei dati pu\u00f2 leggere la nostra Privacy Policy, disponibile sul sito.<\/p>","protected":false},"excerpt":{"rendered":"<p>Definizioni, caratteristiche e applicazione della normativa I cookie sono piccoli file di testo che i siti visitati dall\u2019utente inviano e registrano sul suo computer o dispositivo mobile, per essere poi ritrasmessi agli stessi siti alla successiva visita. Proprio grazie ai cookie un sito ricorda le azioni e preferenze dell\u2019utente (come, ad esempio, i dati di [&hellip;]<\/p>\n","protected":false},"author":1,"featured_media":0,"parent":0,"menu_order":0,"comment_status":"closed","ping_status":"closed","template":"","meta":{"footnotes":""},"class_list":["post-367","page","type-page","status-publish","hentry"],"yoast_head":"<!-- This site is optimized with the Yoast SEO plugin v24.4 - https:\/\/yoast.com\/wordpress\/plugins\/seo\/ -->\n<title>Cookie - farlav<\/title>\n<meta name=\"robots\" content=\"index, follow, max-snippet:-1, max-image-preview:large, max-video-preview:-1\" \/>\n<link rel=\"canonical\" href=\"https:\/\/farlav.com\/?page_id=367\" \/>\n<meta property=\"og:locale\" content=\"it_IT\" \/>\n<meta property=\"og:type\" content=\"article\" \/>\n<meta property=\"og:title\" content=\"Cookie - farlav\" \/>\n<meta property=\"og:description\" content=\"Definizioni, caratteristiche e applicazione della normativa I cookie sono piccoli file di testo che i siti visitati dall\u2019utente inviano e registrano sul suo computer o dispositivo mobile, per essere poi ritrasmessi agli stessi siti alla successiva visita. Proprio grazie ai cookie un sito ricorda le azioni e preferenze dell\u2019utente (come, ad esempio, i dati di [&hellip;]\" \/>\n<meta property=\"og:url\" content=\"https:\/\/farlav.com\/?page_id=367\" \/>\n<meta property=\"og:site_name\" content=\"farlav\" \/>\n<meta property=\"article:modified_time\" content=\"2022-02-06T14:01:19+00:00\" \/>\n<meta name=\"twitter:card\" content=\"summary_large_image\" \/>\n<meta name=\"twitter:label1\" content=\"Tempo di lettura stimato\" \/>\n\t<meta name=\"twitter:data1\" content=\"6 minuti\" \/>\n<script type=\"application\/ld+json\" class=\"yoast-schema-graph\">{\"@context\":\"https:\/\/schema.org\",\"@graph\":[{\"@type\":\"WebPage\",\"@id\":\"https:\/\/farlav.com\/?page_id=367\",\"url\":\"https:\/\/farlav.com\/?page_id=367\",\"name\":\"Cookie - farlav\",\"isPartOf\":{\"@id\":\"https:\/\/farlav.com\/#website\"},\"datePublished\":\"2022-02-06T14:01:18+00:00\",\"dateModified\":\"2022-02-06T14:01:19+00:00\",\"breadcrumb\":{\"@id\":\"https:\/\/farlav.com\/?page_id=367#breadcrumb\"},\"inLanguage\":\"it-IT\",\"potentialAction\":[{\"@type\":\"ReadAction\",\"target\":[\"https:\/\/farlav.com\/?page_id=367\"]}]},{\"@type\":\"BreadcrumbList\",\"@id\":\"https:\/\/farlav.com\/?page_id=367#breadcrumb\",\"itemListElement\":[{\"@type\":\"ListItem\",\"position\":1,\"name\":\"Home\",\"item\":\"https:\/\/farlav.com\/\"},{\"@type\":\"ListItem\",\"position\":2,\"name\":\"Cookie\"}]},{\"@type\":\"WebSite\",\"@id\":\"https:\/\/farlav.com\/#website\",\"url\":\"https:\/\/farlav.com\/\",\"name\":\"farlav\",\"description\":\"lifestyle\",\"potentialAction\":[{\"@type\":\"SearchAction\",\"target\":{\"@type\":\"EntryPoint\",\"urlTemplate\":\"https:\/\/farlav.com\/?s={search_term_string}\"},\"query-input\":{\"@type\":\"PropertyValueSpecification\",\"valueRequired\":true,\"valueName\":\"search_term_string\"}}],\"inLanguage\":\"it-IT\"}]}<\/script>\n<!-- \/ Yoast SEO plugin. -->","yoast_head_json":{"title":"Cookie - farlav","robots":{"index":"index","follow":"follow","max-snippet":"max-snippet:-1","max-image-preview":"max-image-preview:large","max-video-preview":"max-video-preview:-1"},"canonical":"https:\/\/farlav.com\/?page_id=367","og_locale":"it_IT","og_type":"article","og_title":"Cookie - farlav","og_description":"Definizioni, caratteristiche e applicazione della normativa I cookie sono piccoli file di testo che i siti visitati dall\u2019utente inviano e registrano sul suo computer o dispositivo mobile, per essere poi ritrasmessi agli stessi siti alla successiva visita. Proprio grazie ai cookie un sito ricorda le azioni e preferenze dell\u2019utente (come, ad esempio, i dati di [&hellip;]","og_url":"https:\/\/farlav.com\/?page_id=367","og_site_name":"farlav","article_modified_time":"2022-02-06T14:01:19+00:00","twitter_card":"summary_large_image","twitter_misc":{"Tempo di lettura stimato":"6 minuti"},"schema":{"@context":"https:\/\/schema.org","@graph":[{"@type":"WebPage","@id":"https:\/\/farlav.com\/?page_id=367","url":"https:\/\/farlav.com\/?page_id=367","name":"Cookie - farlav","isPartOf":{"@id":"https:\/\/farlav.com\/#website"},"datePublished":"2022-02-06T14:01:18+00:00","dateModified":"2022-02-06T14:01:19+00:00","breadcrumb":{"@id":"https:\/\/farlav.com\/?page_id=367#breadcrumb"},"inLanguage":"it-IT","potentialAction":[{"@type":"ReadAction","target":["https:\/\/farlav.com\/?page_id=367"]}]},{"@type":"BreadcrumbList","@id":"https:\/\/farlav.com\/?page_id=367#breadcrumb","itemListElement":[{"@type":"ListItem","position":1,"name":"Home","item":"https:\/\/farlav.com\/"},{"@type":"ListItem","position":2,"name":"Cookie"}]},{"@type":"WebSite","@id":"https:\/\/farlav.com\/#website","url":"https:\/\/farlav.com\/","name":"farlav","description":"lifestyle","potentialAction":[{"@type":"SearchAction","target":{"@type":"EntryPoint","urlTemplate":"https:\/\/farlav.com\/?s={search_term_string}"},"query-input":{"@type":"PropertyValueSpecification","valueRequired":true,"valueName":"search_term_string"}}],"inLanguage":"it-IT"}]}},"_links":{"self":[{"href":"https:\/\/farlav.com\/index.php?rest_route=\/wp\/v2\/pages\/367"}],"collection":[{"href":"https:\/\/farlav.com\/index.php?rest_route=\/wp\/v2\/pages"}],"about":[{"href":"https:\/\/farlav.com\/index.php?rest_route=\/wp\/v2\/types\/page"}],"author":[{"embeddable":true,"href":"https:\/\/farlav.com\/index.php?rest_route=\/wp\/v2\/users\/1"}],"replies":[{"embeddable":true,"href":"https:\/\/farlav.com\/index.php?rest_route=%2Fwp%2Fv2%2Fcomments&post=367"}],"version-history":[{"count":1,"href":"https:\/\/farlav.com\/index.php?rest_route=\/wp\/v2\/pages\/367\/revisions"}],"predecessor-version":[{"id":368,"href":"https:\/\/farlav.com\/index.php?rest_route=\/wp\/v2\/pages\/367\/revisions\/368"}],"wp:attachment":[{"href":"https:\/\/farlav.com\/index.php?rest_route=%2Fwp%2Fv2%2Fmedia&parent=367"}],"curies":[{"name":"wp","href":"https:\/\/api.w.org\/{rel}","templated":true}]}}